*u**3/6 + 21*u**2. Is r(-2) a composite number?
False
Let z = 740 + -504. Suppose -2*u + 5*y = z, 3*u - y + 354 = y. Let r = u - -197. Is r a prime number?
True
Is 609609/88 - 15/40 prime?
False
Let c(l) = -l**3 + 14*l**2 + 13*l + 3. Let r be c(11). Suppose -r = -5*f + 546. Is f composite?
False
Is 5522/4 - 18/(-36) prime?
True
Suppose -4*x - 2*v = -20, 5*v = 2*x + 4 + 10. Suppose a - 15 = -4*a - 5*f, -5*a - f = -x. Let c = a - -21. Is c composite?
True
Let p(v) = 9*v - 1. Let q be p(2). Let g(a) = -5*a**2 - 7*a - 1. Let t(x) = -14*x**2 - 22*x - 3. Let o(c) = q*g(c) - 6*t(c). Is o(11) prime?
True
Suppose v + 20 = -v. Let u = v + -45. Is 2652/10 + 11/u prime?
False
Let w(f) = 196*f**2 - f - 4. Let d(h) = -h**2 + 21*h + 25. Let k be d(22). Is w(k) a prime number?
False
Suppose 2*v = 5*s - v - 34, 5*s = -2*v + 19. Let u(b) = -b + 11. Let a be u(11). Suppose -s*r + 3*y + 1714 = a, 0*r = 4*r + 3*y - 1355. Is r a prime number?
False
Let l(h) = 26648*h - 9. Is l(1) a composite number?
True
Let m = -8 + 13. Suppose 3*q = m*q - 826. Is q prime?
False
Let t(s) be the third derivative of s**5/20 + s**4/3 - 5*s**3/6 + s**2. Let j be (-1)/(((-2)/(-1))/14). Is t(j) composite?
True
Let j(h) = 127*h**2 + 37*h - 243. Is j(16) a prime number?
False
Let w = -94 + 160. Let o be (-6)/4*w/(-11). Is 421/o + (-12)/(-54) a prime number?
True
Let d = -2148 - -1099. Let p = d + 2008. Is p composite?
True
Suppose -6*w + 20802 = -19812. Is w a prime number?
False
Suppose -29*o + 2*r = -26*o - 8, 2*o = -2*r + 12. Let c be (5402/4)/(1/2). Suppose c = 3*z - 4*s, o*z - 4*s - 4061 + 465 = 0. Is z prime?
False
Let l(u) be the second derivative of -u**4/12 + 5*u**3/6 + 4*u**2 + 2*u. Let b be l(6). Suppose 72 + 62 = b*v + 5*f, 2*v - 2*f = 162. Is v composite?
True
Let a = -71 + 75. Suppose -879 = i - a*i. Is i a composite number?
False
Is 2/((-3)/(-3761)*2)*3 a composite number?
False
Let r = 35772 + -9775. Is r composite?
False
Is 3833/(((-4)/(-1))/4) a composite number?
False
Let x(p) = -209*p + 23. Is x(-6) a prime number?
True
Suppose -24 = -o + 17. Let i = o - 23. Let k = 44 - i. Is k a prime number?
False
Let i(j) = 97*j - 7. Let p(u) = -49*u + 3. Let z(f) = 4*i(f) + 9*p(f). Let b be z(8). Let y = b - -624. Is y a prime number?
True
Suppose -2*o = v + 4, -o - v - 2*v + 8 = 0. Is (274/o)/((-5)/50) prime?
False
Let r be (-4)/(-2) + 2608/2. Let g be (3/(-9))/((-1)/3). Is 0/g + r/2 a prime number?
True
Is 1182/78 + -15 + (-388997)/(-13) composite?
True
Suppose -270*w + 257*w - 7228 = 0. Let o(y) = -16*y**2 + 5*y - 3. Let p be o(5). Let n = p - w. Is n a prime number?
False
Let u be (-1 + 1649)/((-10)/(-10)). Suppose -u = -8*v + 2344. Is v a composite number?
False
Let d = 35535 + -20924. Is d a prime number?
False
Suppose 6*j - 2*j + 2067 = s, 0 = 2*s + 2*j - 4104. Suppose 5*b - s = 2*q - 0*q, 0 = -4*q. Is b prime?
False
Let a be (-1050)/(-8) - (-1)/(-4). Let j = 28 - -306. Let w = j - a. Is w composite?
True
Suppose -5*v - v = -5472. Suppose -v = -j + 569. Is j composite?
False
Let m(a) = -2*a**3 - 4*a**2 + 16*a - 23. Is m(-19) a prime number?
False
Suppose 149 + 1 = -5*v. Let a be 15/(-2)*20/v. Suppose -n - i = 3*i - 317, -3*n = -a*i - 951. Is n a prime number?
True
Let i(g) be the first derivative of -27*g**2/2 - 40*g - 11. Is i(-17) a prime number?
True
Let n = -21 + 24. Suppose 133 = n*u + 4. Is u a prime number?
True
Suppose g + g + 4*u - 22 = 0, -16 = -2*g + 2*u. Is (-23)/(-2)*(13 + g) a prime number?
False
Let d be 35 + ((-2)/(-1) - 0). Suppose -218 = 35*s - d*s. Is s composite?
False
Suppose -20*o + 447402 = 53942. Is o prime?
False
Suppose 66263 = 48*x - 269209. Is x composite?
True
Let r be -91*(184/28 + -4). Let c = r - -1399. Is c composite?
True
Suppose f = 3*n - 234, 3*n - 4*n - 2*f + 71 = 0. Let o be (-4)/(-6) - 2/3. Suppose -d + o*d + n = 0. Is d a prime number?
False
Suppose 27 = 4*x + t + 4*t, 5*x = 5*t. Let p(g) = -14*g - 2 + x + 51*g. Is p(4) prime?
True
Let j be -3 + (-6)/(-2) + 4 + -4. Suppose 3*a = -d - j*a + 197, 2*d = -4*a + 400. Is d prime?
False
Let t(l) = -2*l**2 - 8*l - 3. Let z be t(-2). Suppose 5*p + 7*f = 3*f + 3331, z*p = 5*f + 3340. Is p a composite number?
True
Suppose -83*u = -66*u - 150433. Is u prime?
True
Suppose 86457 = 5*s - a, 5*s + 0*s - 86461 = 3*a. Is s a composite number?
False
Let k(v) = v + 18. Let q be k(-10). Let b = 11 - q. Suppose 4*d - 3*f = 139, -2*f + b*f = -3*d + 88. Is d a composite number?
False
Suppose 64 = 7*b - 48. Is (-8)/b + 5386/4 a prime number?
False
Suppose -2*k + 31798 - 5236 = 0. Suppose -5*h - 6*i = -4*i - k, -7973 = -3*h + i. Is h a prime number?
True
Let v(o) = 1476*o + 1. Let d(t) = 3*t + 22. Let f be d(-7). Is v(f) a prime number?
False
Let j(f) = 4*f**3 - 11*f**2 + 3*f**3 + 9*f - 6*f**3 + 3 + 9. Let g be j(10). Is (g/(-1))/((-4)/116) a composite number?
True
Let p = -4928 - -7627. Is p prime?
True
Let z(c) be the second derivative of 303*c**3/2 - c**2/2 - 2*c + 35. Is z(2) a composite number?
True
Let f(q) be the first derivative of q**7/840 + q**6/40 + q**5/20 - 3*q**4/8 - 5*q**3/3 + 2. Let j(l) be the third derivative of f(l). Is j(-7) composite?
False
Let t(r) = r**3 + 7*r**2 + 7*r + 7. Let y be t(-6). Let w be (18 - 19)*y*-4. Suppose -2*g - 6 = 0, 3*h = w*h - 3*g - 340. Is h composite?
False
Let b be 2/8 + 42/24. Suppose b*z = 75 + 507. Is z a prime number?
False
Suppose -x = -2*x + 4*y + 111, -x + 76 = 3*y. Is x composite?
True
Let q(u) = -u**3 + u + 187. Suppose -m + 13 = 5*w, 2*w + 2 = 3*m - 3. Suppose -5*x + 2 = -3*h + 14, -w*h = x - 8. Is q(x) prime?
False
Let t(c) be the first derivative of 10*c**3/3 - 11*c**2/2 + 12*c + 6. Is t(9) a composite number?
True
Let j(i) = 14*i**2 - 7*i + 5. Is j(-9) prime?
False
Suppose 76 = 3*x - 4*v - 22, 0 = -3*x - 2*v + 86. Let i = 25 - x. Is 3 + (-1975)/i + -3 a composite number?
True
Let t(a) = 3*a**3 + a**2 - 1. Let p be t(1). Suppose 0 = p*h - 152 - 313. Let g = h + -104. Is g composite?
True
Let o(t) = 80*t + 7. Let s be (0 - 5)*14/(-10). Let l be o(s). Suppose 4*c - 797 = l. Is c composite?
True
Let z = 7948 - 2075. Is z a composite number?
True
Let u(n) = 4*n**2 + 22*n**2 - 7*n**2 + 27*n**2 + 9. Is u(-4) prime?
False
Let k = 2762 + -961. Is k prime?
True
Let y(k) = -11*k**3 - 11*k**2 - 19*k - 10. Let j be y(-6). Is (j/6)/((-14)/(-21)) prime?
True
Let v(g) = -g**2 - 8*g - 12. Let r be v(-3). Suppose 1443 + 3240 = r*y. Is y composite?
True
Let o = 73 - 92. Let t(q) = -9*q - 44. Is t(o) a composite number?
False
Suppose l + 30 + 151 = 0. Let n = l + 255. Is n composite?
True
Let g(j) = 3*j**2 - 5*j**2 + 0*j**2 + j + 5*j**2 + 31*j**3 + 10. Is g(3) prime?
True
Let j(p) = p**3 + 8*p**2 + 4. Let b be j(-8). Suppose -b*c - 768 = -2*d - 2*c, -756 = -2*d - 2*c. Is d prime?
False
Suppose -5*z - 48670 = -5*t, t - 19471 = -t + 5*z. Is t prime?
True
Suppose -391 - 1107 = -2*w. Is w a prime number?
False
Suppose -21*o - 4*b + 18077 = -16*o, 3*o - 10824 = 5*b. Is o composite?
False
Suppose -3*f + 5*f + 40 = 2*d, -38 = 2*f - d. Let m = f + 115. Is m prime?
True
Let i = 18802 + -7451. Is i composite?
False
Suppose 3*o - 32022 = -3*c + 70524, c - 34188 = 5*o. Is c prime?
True
Let a = -35 + 37. Suppose -2 = a*h, -550 + 4597 = 4*g - 3*h. Is g composite?
True
Suppose 0*y = -8*y + 458776. Is y a composite number?
False
Let y = 2 - -1. Let c(a) = a**3 - 3*a**2 + a + 3. Let v be c(y). Suppose -v*j = -4*j - 42. Is j a prime number?
False
Let n(x) = -x + 4. Let m be n(4). Suppose -2*s + 7*s - 15 = m. Suppose 5*p - 461 = s*f + 293, 0 = f + 3. Is p a prime number?
True
Let f = -3485 + 5044. Is f a prime number?
True
Let j(g) = -40*g + 17. Let k be j(10). Let f = k + 645. Is -2 + f + -1 + 4 prime?
True
Suppose 0 = -13*o + 15*o - 4066. Suppose -5837 = 5*d + o. Is 6/(-15) - d/10 a composite number?
False
Suppose -5*p = -3 - 12. Let j = -264 + 651. Suppose 24 = -p*a + j. Is a a composite number?
True
Let j be 1/((-1)/4 - 0). Let b be (1048/(-1))/j - 2. Suppose x + g = b, 2*g - 3 = -g. Is x a composite number?
True
Let q = 232 - 11. Let i = -158 + q. Suppose -i = -2*o + 31. Is o composite?
False
Suppose 15 - 51 = -6*k. Let a(s) be the second derivative of s**5/10 - 3*s**4/4 + 7*s**3/6 - 7*s**2/2 + s. Is a(k) prime?
False
Let g be (-28)/42*(-3)/(-2). Is ((-8)/12 - g)/(2/23394) a prim